{"id":29,"date":"2023-12-30T22:52:39","date_gmt":"2023-12-30T21:52:39","guid":{"rendered":"https:\/\/tennis-moirans.fr\/?page_id=29"},"modified":"2024-02-10T13:27:40","modified_gmt":"2024-02-10T12:27:40","slug":"competitions","status":"publish","type":"page","link":"https:\/\/tennis-moirans.fr\/index.php\/competitions\/","title":{"rendered":"Comp\u00e9titions"},"content":{"rendered":"\n<h2 class=\"wp-block-heading\">Championnat par \u00e9quipes <\/h2>\n\n\n\n<p class=\"has-text-align-center\">Le TC Moirans participe aux diff\u00e9rents championnats par \u00e9quipes en engageant plusieurs \u00e9quipes chez les jeunes et les adultes.<\/p>\n\n\n\n<div class=\"wp-block-columns is-layout-flex wp-container-core-columns-is-layout-9d6595d7 wp-block-columns-is-layout-flex\">\n<div class=\"wp-block-column is-layout-flow wp-block-column-is-layout-flow\" style=\"flex-basis:100%\">\n<figure class=\"wp-block-gallery has-nested-images columns-default is-cropped wp-block-gallery-1 is-layout-flex wp-block-gallery-is-layout-flex\">\n<figure class=\"wp-block-image size-large\"><img loading=\"lazy\" decoding=\"async\" width=\"768\" height=\"1024\" data-id=\"66\" src=\"https:\/\/tennis-moirans.fr\/wp-content\/uploads\/2023\/12\/IMG-20231021-WA0002-1-768x1024.jpg\" alt=\"\" class=\"wp-image-66\" srcset=\"https:\/\/tennis-moirans.fr\/wp-content\/uploads\/2023\/12\/IMG-20231021-WA0002-1-768x1023.jpg 768w, https:\/\/tennis-moirans.fr\/wp-content\/uploads\/2023\/12\/IMG-20231021-WA0002-1-225x300.jpg 225w, https:\/\/tennis-moirans.fr\/wp-content\/uploads\/2023\/12\/IMG-20231021-WA0002-1-1153x1536.jpg 1153w, https:\/\/tennis-moirans.fr\/wp-content\/uploads\/2023\/12\/IMG-20231021-WA0002-1.jpg 1200w\" sizes=\"auto, (max-width: 768px) 100vw, 768px\" \/><\/figure>\n\n\n\n<figure class=\"wp-block-image size-large\"><img loading=\"lazy\" decoding=\"async\" width=\"768\" height=\"1024\" data-id=\"65\" src=\"https:\/\/tennis-moirans.fr\/wp-content\/uploads\/2023\/12\/IMG-20231021-WA0001-1-768x1024.jpg\" alt=\"\" class=\"wp-image-65\" srcset=\"https:\/\/tennis-moirans.fr\/wp-content\/uploads\/2023\/12\/IMG-20231021-WA0001-1-768x1023.jpg 768w, https:\/\/tennis-moirans.fr\/wp-content\/uploads\/2023\/12\/IMG-20231021-WA0001-1-225x300.jpg 225w, https:\/\/tennis-moirans.fr\/wp-content\/uploads\/2023\/12\/IMG-20231021-WA0001-1-1153x1536.jpg 1153w, https:\/\/tennis-moirans.fr\/wp-content\/uploads\/2023\/12\/IMG-20231021-WA0001-1.jpg 1200w\" sizes=\"auto, (max-width: 768px) 100vw, 768px\" \/><\/figure>\n\n\n\n<figure class=\"wp-block-image size-large\"><img loading=\"lazy\" decoding=\"async\" width=\"1024\" height=\"768\" data-id=\"60\" src=\"https:\/\/tennis-moirans.fr\/wp-content\/uploads\/2023\/12\/20230423_134426-1-1024x768.jpg\" alt=\"\" class=\"wp-image-60\" srcset=\"https:\/\/tennis-moirans.fr\/wp-content\/uploads\/2023\/12\/20230423_134426-1-1024x768.jpg 1024w, https:\/\/tennis-moirans.fr\/wp-content\/uploads\/2023\/12\/20230423_134426-1-300x225.jpg 300w, https:\/\/tennis-moirans.fr\/wp-content\/uploads\/2023\/12\/20230423_134426-1-768x576.jpg 768w, https:\/\/tennis-moirans.fr\/wp-content\/uploads\/2023\/12\/20230423_134426-1-1536x1152.jpg 1536w, https:\/\/tennis-moirans.fr\/wp-content\/uploads\/2023\/12\/20230423_134426-1-2048x1536.jpg 2048w\" sizes=\"auto, (max-width: 1024px) 100vw, 1024px\" \/><\/figure>\n\n\n\n<figure class=\"wp-block-image size-large\"><img loading=\"lazy\" decoding=\"async\" width=\"1024\" height=\"768\" data-id=\"12\" src=\"https:\/\/tennis-moirans.fr\/wp-content\/uploads\/2023\/12\/20230507_130623-1-1024x768.jpg\" alt=\"\" class=\"wp-image-12\" srcset=\"https:\/\/tennis-moirans.fr\/wp-content\/uploads\/2023\/12\/20230507_130623-1-1024x768.jpg 1024w, https:\/\/tennis-moirans.fr\/wp-content\/uploads\/2023\/12\/20230507_130623-1-300x225.jpg 300w, https:\/\/tennis-moirans.fr\/wp-content\/uploads\/2023\/12\/20230507_130623-1-768x576.jpg 768w, https:\/\/tennis-moirans.fr\/wp-content\/uploads\/2023\/12\/20230507_130623-1-1536x1152.jpg 1536w, https:\/\/tennis-moirans.fr\/wp-content\/uploads\/2023\/12\/20230507_130623-1-2048x1536.jpg 2048w\" sizes=\"auto, (max-width: 1024px) 100vw, 1024px\" \/><\/figure>\n\n\n\n<figure class=\"wp-block-image size-large\"><img loading=\"lazy\" decoding=\"async\" width=\"1024\" height=\"768\" data-id=\"62\" src=\"https:\/\/tennis-moirans.fr\/wp-content\/uploads\/2023\/12\/20230507_133010-1024x768.jpg\" alt=\"\" class=\"wp-image-62\" srcset=\"https:\/\/tennis-moirans.fr\/wp-content\/uploads\/2023\/12\/20230507_133010-1024x768.jpg 1024w, https:\/\/tennis-moirans.fr\/wp-content\/uploads\/2023\/12\/20230507_133010-300x225.jpg 300w, https:\/\/tennis-moirans.fr\/wp-content\/uploads\/2023\/12\/20230507_133010-768x576.jpg 768w, https:\/\/tennis-moirans.fr\/wp-content\/uploads\/2023\/12\/20230507_133010-1536x1152.jpg 1536w, https:\/\/tennis-moirans.fr\/wp-content\/uploads\/2023\/12\/20230507_133010-2048x1536.jpg 2048w\" sizes=\"auto, (max-width: 1024px) 100vw, 1024px\" \/><\/figure>\n<\/figure>\n<\/div>\n<\/div>\n\n\n\n<hr class=\"wp-block-separator has-alpha-channel-opacity\"\/>\n\n\n\n<h2 class=\"wp-block-heading\">Tournoi Open de Moirans<\/h2>\n\n\n\n<p class=\"has-text-align-center\">Le tournoi open de Moirans a g\u00e9n\u00e9ralement lieu de mi-novembre \u00e0 mi-d\u00e9cembre. Les matchs se d\u00e9roulent essentiellement les week ends (samedi et dimanche sauf la derni\u00e8re semaine o\u00f9 les matchs ont lieu en soir\u00e9e) uniquement sur les terrains couverts.<\/p>\n\n\n<div class=\"wp-block-image\">\n<figure class=\"aligncenter size-large is-resized\"><img loading=\"lazy\" decoding=\"async\" width=\"768\" height=\"1024\" src=\"http:\/\/tennis-moirans.fr\/wp-content\/uploads\/2024\/01\/20221223_201853-768x1024.jpg\" alt=\"\" class=\"wp-image-96\" style=\"width:334px;height:auto\" srcset=\"https:\/\/tennis-moirans.fr\/wp-content\/uploads\/2024\/01\/20221223_201853-768x1024.jpg 768w, https:\/\/tennis-moirans.fr\/wp-content\/uploads\/2024\/01\/20221223_201853-225x300.jpg 225w, https:\/\/tennis-moirans.fr\/wp-content\/uploads\/2024\/01\/20221223_201853-1152x1536.jpg 1152w, https:\/\/tennis-moirans.fr\/wp-content\/uploads\/2024\/01\/20221223_201853-1536x2048.jpg 1536w, https:\/\/tennis-moirans.fr\/wp-content\/uploads\/2024\/01\/20221223_201853-scaled.jpg 1920w\" sizes=\"auto, (max-width: 768px) 100vw, 768px\" \/><figcaption class=\"wp-element-caption\">Remise des coupes en pr\u00e9sence de l&rsquo;adjoint aux sports et du pr\u00e9sident du TC Moirans<\/figcaption><\/figure>\n<\/div>\n\n\n<figure class=\"wp-block-embed is-type-video is-provider-youtube wp-block-embed-youtube wp-embed-aspect-16-9 wp-has-aspect-ratio\"><div class=\"wp-block-embed__wrapper\">\n<iframe loading=\"lazy\" title=\"Dernier_point_de_la_finale\" width=\"680\" height=\"383\" src=\"https:\/\/www.youtube.com\/embed\/UgXC6XJjz8M?feature=oembed\" frameborder=\"0\" allow=\"accelerometer; autoplay; clipboard-write; encrypted-media; gyroscope; picture-in-picture; web-share\" allowfullscreen><\/iframe>\n<\/div><figcaption class=\"wp-element-caption\">Finale Hommes 2023<\/figcaption><\/figure>\n\n\n\n<hr class=\"wp-block-separator has-alpha-channel-opacity\"\/>\n\n\n\n<h2 class=\"wp-block-heading\">Triangulaire Tullins Moirans Vourey<\/h2>\n\n\n\n<p>Tournoi interne regroupant les clubs de Tullins, Moirans et Vourey<\/p>\n\n\n\n<div class=\"wp-block-cover\"><span aria-hidden=\"true\" class=\"wp-block-cover__background has-background-dim\"><\/span><img loading=\"lazy\" decoding=\"async\" width=\"2560\" height=\"1920\" class=\"wp-block-cover__image-background wp-image-97\" alt=\"\" src=\"http:\/\/tennis-moirans.fr\/wp-content\/uploads\/2024\/01\/20230115_154936-scaled.jpg\" data-object-fit=\"cover\" srcset=\"https:\/\/tennis-moirans.fr\/wp-content\/uploads\/2024\/01\/20230115_154936-scaled.jpg 2560w, https:\/\/tennis-moirans.fr\/wp-content\/uploads\/2024\/01\/20230115_154936-300x225.jpg 300w, https:\/\/tennis-moirans.fr\/wp-content\/uploads\/2024\/01\/20230115_154936-1024x768.jpg 1024w, https:\/\/tennis-moirans.fr\/wp-content\/uploads\/2024\/01\/20230115_154936-768x576.jpg 768w, https:\/\/tennis-moirans.fr\/wp-content\/uploads\/2024\/01\/20230115_154936-1536x1152.jpg 1536w, https:\/\/tennis-moirans.fr\/wp-content\/uploads\/2024\/01\/20230115_154936-2048x1536.jpg 2048w\" sizes=\"auto, (max-width: 2560px) 100vw, 2560px\" \/><div class=\"wp-block-cover__inner-container is-layout-flow wp-block-cover-is-layout-flow\">\n<p>S\u00e9bastien vainqueur de l&rsquo;\u00e9dition 2022<\/p>\n<\/div><\/div>\n","protected":false},"excerpt":{"rendered":"<p>Championnat par \u00e9quipes Le TC Moirans participe aux diff\u00e9rents championnats par \u00e9quipes en engageant plusieurs [&hellip;]<\/p>\n","protected":false},"author":1,"featured_media":0,"parent":0,"menu_order":0,"comment_status":"closed","ping_status":"closed","template":"template-full-width.php","meta":{"_monsterinsights_skip_tracking":false,"_monsterinsights_sitenote_active":false,"_monsterinsights_sitenote_note":"","_monsterinsights_sitenote_category":0,"footnotes":""},"class_list":["post-29","page","type-page","status-publish","hentry"],"aioseo_notices":[],"_links":{"self":[{"href":"https:\/\/tennis-moirans.fr\/index.php\/wp-json\/wp\/v2\/pages\/29","targetHints":{"allow":["GET"]}}],"collection":[{"href":"https:\/\/tennis-moirans.fr\/index.php\/wp-json\/wp\/v2\/pages"}],"about":[{"href":"https:\/\/tennis-moirans.fr\/index.php\/wp-json\/wp\/v2\/types\/page"}],"author":[{"embeddable":true,"href":"https:\/\/tennis-moirans.fr\/index.php\/wp-json\/wp\/v2\/users\/1"}],"replies":[{"embeddable":true,"href":"https:\/\/tennis-moirans.fr\/index.php\/wp-json\/wp\/v2\/comments?post=29"}],"version-history":[{"count":19,"href":"https:\/\/tennis-moirans.fr\/index.php\/wp-json\/wp\/v2\/pages\/29\/revisions"}],"predecessor-version":[{"id":196,"href":"https:\/\/tennis-moirans.fr\/index.php\/wp-json\/wp\/v2\/pages\/29\/revisions\/196"}],"wp:attachment":[{"href":"https:\/\/tennis-moirans.fr\/index.php\/wp-json\/wp\/v2\/media?parent=29"}],"curies":[{"name":"wp","href":"https:\/\/api.w.org\/{rel}","templated":true}]}}