{"id":302,"date":"2025-06-20T16:29:53","date_gmt":"2025-06-20T14:29:53","guid":{"rendered":"https:\/\/tennis-moirans.fr\/?page_id=302"},"modified":"2025-06-20T16:35:24","modified_gmt":"2025-06-20T14:35:24","slug":"lumensol","status":"publish","type":"page","link":"https:\/\/tennis-moirans.fr\/index.php\/lumensol\/","title":{"rendered":"Lumensol"},"content":{"rendered":"\n<p><a href=\"http:\/\/lumensol.fr\">Lumensol <\/a>est partenaire du Tennis Club de Moirans depuis 2025. Install\u00e9e \u00e0 Rives, la soci\u00e9t\u00e9 Lumensol est le sp\u00e9cialiste depuis 2008 de solutions compl\u00e8tes (\u00e9tude, vente, installation et maintenance) dans le\u00a0<strong>solaire\u00a0<\/strong>en Is\u00e8re et Rh\u00f4ne Alpes.<\/p>\n\n\n\n<figure class=\"wp-block-image size-large\"><img loading=\"lazy\" decoding=\"async\" width=\"1024\" height=\"486\" src=\"https:\/\/tennis-moirans.fr\/wp-content\/uploads\/2025\/06\/bache_lumensol-1024x486.jpg\" alt=\"\" class=\"wp-image-306\" srcset=\"https:\/\/tennis-moirans.fr\/wp-content\/uploads\/2025\/06\/bache_lumensol-1024x486.jpg 1024w, https:\/\/tennis-moirans.fr\/wp-content\/uploads\/2025\/06\/bache_lumensol-300x142.jpg 300w, https:\/\/tennis-moirans.fr\/wp-content\/uploads\/2025\/06\/bache_lumensol-768x364.jpg 768w, https:\/\/tennis-moirans.fr\/wp-content\/uploads\/2025\/06\/bache_lumensol.jpg 1356w\" sizes=\"auto, (max-width: 1024px) 100vw, 1024px\" \/><\/figure>\n","protected":false},"excerpt":{"rendered":"<p>Lumensol est partenaire du Tennis Club de Moirans depuis 2025. Install\u00e9e \u00e0 Rives, la soci\u00e9t\u00e9 [&hellip;]<\/p>\n","protected":false},"author":1,"featured_media":0,"parent":0,"menu_order":0,"comment_status":"closed","ping_status":"closed","template":"","meta":{"_monsterinsights_skip_tracking":false,"_monsterinsights_sitenote_active":false,"_monsterinsights_sitenote_note":"","_monsterinsights_sitenote_category":0,"footnotes":""},"class_list":["post-302","page","type-page","status-publish","hentry"],"aioseo_notices":[],"_links":{"self":[{"href":"https:\/\/tennis-moirans.fr\/index.php\/wp-json\/wp\/v2\/pages\/302","targetHints":{"allow":["GET"]}}],"collection":[{"href":"https:\/\/tennis-moirans.fr\/index.php\/wp-json\/wp\/v2\/pages"}],"about":[{"href":"https:\/\/tennis-moirans.fr\/index.php\/wp-json\/wp\/v2\/types\/page"}],"author":[{"embeddable":true,"href":"https:\/\/tennis-moirans.fr\/index.php\/wp-json\/wp\/v2\/users\/1"}],"replies":[{"embeddable":true,"href":"https:\/\/tennis-moirans.fr\/index.php\/wp-json\/wp\/v2\/comments?post=302"}],"version-history":[{"count":4,"href":"https:\/\/tennis-moirans.fr\/index.php\/wp-json\/wp\/v2\/pages\/302\/revisions"}],"predecessor-version":[{"id":308,"href":"https:\/\/tennis-moirans.fr\/index.php\/wp-json\/wp\/v2\/pages\/302\/revisions\/308"}],"wp:attachment":[{"href":"https:\/\/tennis-moirans.fr\/index.php\/wp-json\/wp\/v2\/media?parent=302"}],"curies":[{"name":"wp","href":"https:\/\/api.w.org\/{rel}","templated":true}]}}