{"id":34,"date":"2023-12-31T14:50:18","date_gmt":"2023-12-31T13:50:18","guid":{"rendered":"https:\/\/tennis-moirans.fr\/?page_id=34"},"modified":"2024-02-10T13:25:31","modified_gmt":"2024-02-10T12:25:31","slug":"les-infrastructures","status":"publish","type":"page","link":"https:\/\/tennis-moirans.fr\/index.php\/les-infrastructures\/","title":{"rendered":"Les infrastructures"},"content":{"rendered":"\n<p>Le Tennis Club de Moirans dispose de 6 courts (3 courts ext\u00e9rieurs en b\u00e9ton microporeux et 3 courts int\u00e9rieurs).<\/p>\n\n\n\n<p>L&rsquo;ensemble des courts se trouve dans le parc du Vergeron \u00e0 proximit\u00e9 du centre ville de Moirans.<\/p>\n\n\n\n<figure class=\"wp-block-gallery has-nested-images columns-default is-cropped wp-block-gallery-1 is-layout-flex wp-block-gallery-is-layout-flex\">\n<figure class=\"wp-block-image size-large\"><img loading=\"lazy\" decoding=\"async\" width=\"1024\" height=\"768\" data-id=\"61\" src=\"https:\/\/tennis-moirans.fr\/wp-content\/uploads\/2023\/12\/20230430_112041-1-1024x768.jpg\" alt=\"\" class=\"wp-image-61\" srcset=\"https:\/\/tennis-moirans.fr\/wp-content\/uploads\/2023\/12\/20230430_112041-1-1024x768.jpg 1024w, https:\/\/tennis-moirans.fr\/wp-content\/uploads\/2023\/12\/20230430_112041-1-300x225.jpg 300w, https:\/\/tennis-moirans.fr\/wp-content\/uploads\/2023\/12\/20230430_112041-1-768x576.jpg 768w, https:\/\/tennis-moirans.fr\/wp-content\/uploads\/2023\/12\/20230430_112041-1-1536x1152.jpg 1536w, https:\/\/tennis-moirans.fr\/wp-content\/uploads\/2023\/12\/20230430_112041-1-2048x1536.jpg 2048w\" sizes=\"auto, (max-width: 1024px) 100vw, 1024px\" \/><figcaption class=\"wp-element-caption\">Terrains ext\u00e9rieurs situ\u00e9s dans le parc du Vergeron<\/figcaption><\/figure>\n\n\n\n<figure class=\"wp-block-image size-large\"><img loading=\"lazy\" decoding=\"async\" width=\"1024\" height=\"768\" data-id=\"55\" src=\"https:\/\/tennis-moirans.fr\/wp-content\/uploads\/2023\/12\/20221029_095309-1024x768.jpg\" alt=\"\" class=\"wp-image-55\" srcset=\"https:\/\/tennis-moirans.fr\/wp-content\/uploads\/2023\/12\/20221029_095309-1024x768.jpg 1024w, https:\/\/tennis-moirans.fr\/wp-content\/uploads\/2023\/12\/20221029_095309-300x225.jpg 300w, https:\/\/tennis-moirans.fr\/wp-content\/uploads\/2023\/12\/20221029_095309-768x576.jpg 768w, https:\/\/tennis-moirans.fr\/wp-content\/uploads\/2023\/12\/20221029_095309-1536x1152.jpg 1536w, https:\/\/tennis-moirans.fr\/wp-content\/uploads\/2023\/12\/20221029_095309-2048x1536.jpg 2048w\" sizes=\"auto, (max-width: 1024px) 100vw, 1024px\" \/><figcaption class=\"wp-element-caption\">Terrains int\u00e9rieurs<\/figcaption><\/figure>\n<\/figure>\n\n\n<div class=\"wp-block-image\">\n<figure class=\"aligncenter size-full\"><img loading=\"lazy\" decoding=\"async\" width=\"474\" height=\"215\" src=\"https:\/\/tennis-moirans.fr\/wp-content\/uploads\/2024\/01\/inscriptions_tennis.jpg\" alt=\"\" class=\"wp-image-173\" srcset=\"https:\/\/tennis-moirans.fr\/wp-content\/uploads\/2024\/01\/inscriptions_tennis.jpg 474w, https:\/\/tennis-moirans.fr\/wp-content\/uploads\/2024\/01\/inscriptions_tennis-300x136.jpg 300w\" sizes=\"auto, (max-width: 474px) 100vw, 474px\" \/><figcaption class=\"wp-element-caption\">Le club house et les terrains int\u00e9rieurs<\/figcaption><\/figure>\n<\/div>\n\n\n<p><\/p>\n\n\n\n<h2 class=\"wp-block-heading\">Comment venir au Tennis Club de Moirans?<\/h2>\n\n\n\n<iframe src=\"https:\/\/www.google.com\/maps\/embed?pb=!1m18!1m12!1m3!1d1983.7212145573226!2d5.5640179368690035!3d45.320434584998395!2m3!1f0!2f0!3f0!3m2!1i1024!2i768!4f13.1!3m3!1m2!1s0x478ae511f73da0bd%3A0x2ba0774bf6664984!2sMOIRANS%20TC!5e0!3m2!1sfr!2sfr!4v1704210404666!5m2!1sfr!2sfr\" width=\"600\" height=\"450\" style=\"border:0;\" allowfullscreen=\"\" loading=\"lazy\" referrerpolicy=\"no-referrer-when-downgrade\"><\/iframe>\n","protected":false},"excerpt":{"rendered":"<p>Le Tennis Club de Moirans dispose de 6 courts (3 courts ext\u00e9rieurs en b\u00e9ton microporeux [&hellip;]<\/p>\n","protected":false},"author":1,"featured_media":0,"parent":0,"menu_order":0,"comment_status":"closed","ping_status":"closed","template":"template-full-width.php","meta":{"_monsterinsights_skip_tracking":false,"_monsterinsights_sitenote_active":false,"_monsterinsights_sitenote_note":"","_monsterinsights_sitenote_category":0,"footnotes":""},"class_list":["post-34","page","type-page","status-publish","hentry"],"aioseo_notices":[],"_links":{"self":[{"href":"https:\/\/tennis-moirans.fr\/index.php\/wp-json\/wp\/v2\/pages\/34","targetHints":{"allow":["GET"]}}],"collection":[{"href":"https:\/\/tennis-moirans.fr\/index.php\/wp-json\/wp\/v2\/pages"}],"about":[{"href":"https:\/\/tennis-moirans.fr\/index.php\/wp-json\/wp\/v2\/types\/page"}],"author":[{"embeddable":true,"href":"https:\/\/tennis-moirans.fr\/index.php\/wp-json\/wp\/v2\/users\/1"}],"replies":[{"embeddable":true,"href":"https:\/\/tennis-moirans.fr\/index.php\/wp-json\/wp\/v2\/comments?post=34"}],"version-history":[{"count":8,"href":"https:\/\/tennis-moirans.fr\/index.php\/wp-json\/wp\/v2\/pages\/34\/revisions"}],"predecessor-version":[{"id":177,"href":"https:\/\/tennis-moirans.fr\/index.php\/wp-json\/wp\/v2\/pages\/34\/revisions\/177"}],"wp:attachment":[{"href":"https:\/\/tennis-moirans.fr\/index.php\/wp-json\/wp\/v2\/media?parent=34"}],"curies":[{"name":"wp","href":"https:\/\/api.w.org\/{rel}","templated":true}]}}